k(v) = -9*i(v) - 5*z(v). Suppose 4*c + 10 = -y + 6*y, -c - 7 = y. What is k(c)?
1
Let t = 47 + -39. Suppose f - t + 7 = 0. Let v(s) = s - 1 + 2*s - 5*s. Give v(f).
-3
Let l(d) = -54*d + 5. Let s(a) = -33*a + 3. Let n(c) = 3*l(c) - 5*s(c). Suppose 5*z - 4*u = 3*z, 0 = -3*z - 3*u + 18. Calculate n(z).
12
Let j = -1 - -3. Let b(v) = -v + v - v**2 + 3*v + j*v**2. Suppose 5*a = 10*a + 15. Determine b(a).
0
Let d be 1/4 + 19/4. Let f(j) = -j**2 - 11*j + 111. Let h be f(6). Let t(a) = 6*a - 3 - h*a + d*a. Determine t(2).
1
Let z = 873 - 869. Let k(m) be the third derivative of 0*m - 1/60*m**6 + 0 - 1/20*m**5 + 1/6*m**3 + 7*m**2 - 1/12*m**z. Determine k(-2).
9
Let t(w) = 4*w - 3. Let s(c) = -11*c - 108. Let f be s(-10). Determine t(f).
5
Let r(g) = -7*g**2 - 3*g. Let k(a) = -9*a**2 - 3*a + 1. Let v(z) = -4*k(z) + 5*r(z). Determine v(3).
-4
Let o(z) = 44 - 41 + 3*z - 2*z. Suppose 5*y - 20 = 0, 0*y - 5*y + 2 = 3*w. Give o(w).
-3
Let b(i) be the third derivative of -i**4/12 - i**3/3 - 10*i**2 + 2*i. Calculate b(-6).
10
Let n(m) = m**3 + m**2 - m - 1. Let k(p) = -7*p**3 - 9*p**2 + 10*p + 9. Let w(j) = -k(j) - 6*n(j). Suppose 4*y - 109 = 355. Let t = 113 - y. Calculate w(t).
9
Let u(z) = -3*z - 4*z + 2*z**2 - z**2. Suppose -15*g = 81 - 156. Determine u(g).
-10
Let a(q) = -q**3 - 7*q**2 + 8*q + 7. Let x be a(-8). Let r(d) = d - 4 + x*d - 9*d. Let k be r(-8). Let s(o) = o**2 - 5*o. What is s(k)?
-4
Suppose 8*x - 4*x + 75 = 5*q, 2*q = 2*x + 32. Let j(o) = -o**2 + 10*o + 13. Determine j(q).
2
Let x(b) = b**3 - 11*b**2 - b + 4. Let f(p) = 2*p**3 - 21*p**2 - p + 7. Let y(i) = 6*f(i) - 11*x(i). Let v be y(4). Let s(z) = -7*z. Calculate s(v).
-14
Let k(a) = -a - 2. Let o(h) be the first derivative of h + 21. Let z(d) = -2*k(d) - 3*o(d). Calculate z(-7).
-13
Let q = -54 - -60. Suppose 2 - 26 = q*a. Let p(m) = m**3 + 3*m**2 - 4*m - 2. Calculate p(a).
-2
Let b(u) = 9*u**2 + 17*u. Let r be b(-2). Let j(c) = -4*c. Calculate j(r).
-8
Let m(d) = d**3 - 14*d**2 + 12*d + 20. Let s be m(13). Let w(j) = -15*j + 0 + 3 + 3*j + s*j. Determine w(3).
-12
Suppose 9 = 3*z - 6. Suppose -9 + 24 = z*y. Let w(q) = -1020*q - 1022*q + 2044*q. Give w(y).
6
Let s = -1159 - -2323/2. Let t(j) be the second derivative of j**3 + s*j**2 + j + 0 + 1/12*j**4. Determine t(-5).
0
Let g(b) be the third derivative of b**5/60 - b**4/24 - b**3/2 + 75*b**2. What is g(0)?
-3
Let j(c) = -5*c + 45 - 7*c + 9*c - 3*c. Give j(7).
3
Let x = 867 - 873. Let c(u) = u**3 + 7*u**2 + 10*u + 15. Give c(x).
-9
Let f(y) be the second derivative of y**3/6 - 8*y**2 - 238*y. Give f(5).
-11
Let z(f) = 71*f**2 - 4 - 148*f**2 + 6*f + 73*f**2 - f**3. Let l(r) = 7*r**3 + r**2 - 3*r - 3. Let u be l(-1). What is z(u)?
32
Let j(z) be the first derivative of 40 - 3/2*z**2 - 1/4*z**4 + 4/3*z**3 - z. Calculate j(3).
-1
Let d(y) be the second derivative of -y**4/6 + 2*y**3/3 - 3*y**2/2 - 7*y. Give d(4).
-19
Let o(x) = 10*x - 9. Let l(w) = -11*w + 10. Let m(r) = 6*l(r) + 7*o(r). Calculate m(2).
5
Let q = 32 + -36. Let g be (-10)/(-4)*4/5. Let h(y) = 2*y + y + 3*y + y**g + 6. Determine h(q).
-2
Let m(p) = p**3 - 8*p**2 + 7*p + 9. Let n(w) = 2*w**3 - 2*w**2 + 5*w - 2. Let o be n(1). Suppose -2 = o*d - 23. Calculate m(d).
9
Let t(b) = -4*b - 3. Let x = -192 + 195. Calculate t(x).
-15
Let m(w) = 2*w**2 - 79*w - 163. Let a be m(-2). Let v(r) = -2*r**3 + 6*r**2 - 5*r - 2. Give v(a).
-17
Let r(j) = 2*j - 21. Let h be (-7)/4*-8*1. Calculate r(h).
7
Let w(k) be the second derivative of k**4/12 + 7*k**3/6 + 15*k**2/2 - 84*k. Give w(-4).
3
Let k = -417 + 421. Let l(t) = -2*t**2 + 5*t. Determine l(k).
-12
Suppose 10 = -3*x - l, -3*l + 9 = -2*x - 5. Let p(u) = -34*u**3 - u**2. Let h(j) = -41*j**3 - 2*j**2. Let w(v) = 5*h(v) - 6*p(v). Give w(x).
0
Let s(f) be the second derivative of -f**6/90 - f**5/40 + f**4 + 16*f. Let a(v) be the third derivative of s(v). Give a(-2).
13
Let c = -12 + 8. Let d(i) = 4*i + 32. Let u(j) = 3*j + 24. Let z(g) = -4*d(g) + 5*u(g). Determine z(c).
-4
Let f(v) be the second derivative of -v**3/3 + v**2/2 - 283*v. Suppose 3*g = -0*g. Let h be 1*(2 - g)/(-2). Determine f(h).
3
Let x(t) = -t**2 - 9*t + 4 - 6*t + 20*t + 9*t - 10*t. Calculate x(3).
7
Suppose -10*b - 8 + 38 = 0. Suppose 3*v - b = 6*v + 4*u, -3*v - 30 = -5*u. Let k(x) = -x**3 - 6*x**2 - 8*x - 6. What is k(v)?
9
Let i(g) = -g**2 + 7*g + 9. Let f be i(7). Let c(n) = -f*n - 6 + 8*n + 2*n. Let h be c(0). Let o(w) = w**2 + 5*w + 5. Determine o(h).
11
Let o(y) be the second derivative of -y**4/6 + y**3 + 3*y**2/2 + y. Let f be (-44)/(-4) - (-4)/(-2). Suppose -u - f = -k, k + u - 17 = 4*u. Determine o(k).
-17
Let w(j) = -2*j**2 - 14*j + 16. Let q be w(-7). Let p(x) = x**2 + 2*x + q - 15 - 5*x. Calculate p(-3).
19
Let q(i) = -i**2 - 7*i + 6. Let h be q(-7). Suppose c + h = 7*c. Let t(g) = 7*g. Let v(w) = -8*w. Let d(l) = -6*t(l) - 5*v(l). What is d(c)?
-2
Let w = -7 + 9. Suppose -2*i + 3*j + 6 = -j, 0 = w*j - 4. Let g(r) = -r**3 + 7*r**2 + 3. Determine g(i).
3
Let m(l) be the first derivative of -l**5/30 - 5*l**4/24 - 13*l**2 - 33. Let n(y) be the second derivative of m(y). Determine n(-4).
-12
Let q(g) = -g - 4. Suppose t - 5*j - 9 - 9 = 0, 18 = -3*t - 3*j. What is q(t)?
-2
Let y(v) be the second derivative of -v**3/3 - 2*v**2 - v. Let t = -89 + 119. Let j be t/4*32/(-40). Give y(j).
8
Let b(x) = -x**2 - 6*x - 1. Let k(w) = -9*w**3 + 2*w**2 - w - 2. Let i = 27 - 28. Let r be k(i). Suppose -r - 10 = 5*s. Give b(s).
7
Let z(o) = o**3 - 9*o**2 + 7*o + 9. Let l(d) be the third derivative of 2*d**5/15 + 31*d**2. Let f be l(-1). Calculate z(f).
1
Let m(t) be the second derivative of 53*t**3/6 + t**2/2 - 279*t - 1. Determine m(-1).
-52
Let d(p) = -12*p**3 + 7*p**2 + 5*p + 1. Let f(m) = -7*m**3 + 3*m**2 + 3*m + 1. Let r(q) = -3*d(q) + 5*f(q). Calculate r(6).
2
Suppose -2*v + 3*h = -16, 1 = -h - 3. Let l(b) = 3*b**2 + 2*b**v - 6 - 2*b**2 - 6*b + 0 + b**3. What is l(-4)?
2
Let u(i) = 4*i + 18. Let a(r) = -8*r - 37. Let w(j) = -2*a(j) - 5*u(j). Give w(-3).
-4
Let q(a) = 4*a + 17. Let c(p) = -7*p - 18. Let h(i) = -2*c(i) - 3*q(i). What is h(5)?
-5
Let x(i) = -4*i - 8. Let z(y) = y + 2. Let f(q) = x(q) + 6*z(q). Let k be (-4)/(0/2 + -1). Suppose 0 = 3*h + 3*o - 3, -3 = -k*h - 2*o - 9. What is f(h)?
-4
Suppose -2*j + 0*j = -2. Let n(r) = -5 - j + 2 - 6 + 2*r. What is n(8)?
6
Let f = -10 - -1. Let h = f - -13. Let k(t) = -t**2 + 4*t - 5. Calculate k(h).
-5
Let x(t) = -5*t - 3. Let l(z) be the second derivative of z**4/12 - 5*z**3/6 + 2*z**2 + 213*z. Let v be 2/7 + 38/14. Let m be l(v). Calculate x(m).
7
Let z(v) = -2*v**2 + 3*v - 7. Let q(r) = -7*r**2 + 8*r - 20. Let t(a) = 3*q(a) - 8*z(a). Let m(l) = -l**2 - l - 1. Let o(s) = 4*m(s) - t(s). Determine o(5).
5
Suppose 3*g = 3*k - 9, 4*k = -0*k - 5*g + 3. Suppose 2*l - 3*a + 7 = k*a, l + 2*a = 10. Let m(n) = 0*n + l + 3*n - 8*n. Give m(4).
-16
Let l(y) = -y - 10. Let i(j) = -1. Let w(r) = 3*i(r) - l(r). Let d(g) = -g**3 + 2*g**2 - 3*g. Let m be d(2). Give w(m).
1
Suppose -4*b + 5*m + 4 = 0, -3*b + m + 1 = -2. Suppose 2*k - 1 = -3*n, 4 + b = -n - 2*k. Let g(u) = u - 1 - 9*u + n*u + 4*u. Calculate g(6).
-7
Let g be -1*((-3)/27)/((-6)/54). Let h(p) be the first derivative of -1 + 3/2*p**4 - 1/3*p**3 - p - p**2. Give h(g).
-6
Let d(c) be the third derivative of -c**6/120 - c**5/60 + 4*c**3/3 - 2*c**2 + 13*c. What is d(0)?
8
Let x(u) = u**3 + 10. Let v be x(0). Suppose -v = -2*k - 0*k. Let d(w) = w**2 - 1 - k + 2 + 2. Determine d(-3).
7
Let q(u) = u**3 - u**2 + u - 39. Suppose -2*d + 132*f - 131*f + 5 = 0, -f - 5 = 5*d. Calculate q(d).
-39
Let g(v) = -10*v**2 + 7*v + 11. Let z(x) = 23*x**2 - 14*x - 23. Let c(q) = -7*g(q) - 3*z(q). Give c(10).
22
Let o(n) = n**3 + 11*n**2 - 35*n + 8. Let x(v) = -v**3 - 11*v**2 + 39*v - 8. Let a(w) = 7*o(w) + 6*x(w). Give a(-12).
-4
Let y(k) = 5*k**3 + k**2 - 10. Let q(b) = -b**3 - b**2 - b + 1. Let z(o) = 6*q(o) + y(o). What is z(-5)?
26
Let p = 48 - 53. Let f(b) = b + 5. Calculate f(p).
0
Let j = 23 - 19. Let v(l) = -j + 3 - 1 + 1 - l**2 + 3*l. Give v(2).
1
Let a(o) = -o**3 + 5*o**2 - 13*o + 29. Let m be a(4). Let v(n) = -n**2 - 7*n - 12. Calculate v(m).
-12
Suppose -w + 99 = 3*m, 0 = 5*w + 4*m - 6*m - 427. Let h(x) = 2*x - x - 91 + w - 2*x. What is h(0)?
-4
Let j(l) = 5*l + 4. Suppose 5*i = -154*k + 1